Let c = -9 - -13. List the prime factors of c.
2
Let o(f) = f. Let m be o(-6). Let w = m - -3. List the prime factors of (-1 - w)/((-4)/(-14)).
7
Suppose -4*m + 11 = -3*m. Let z = m - 2. What are the prime factors of (z/6 - 1)*8?
2
Let j be (-186)/(-5) - (-6)/(-30). Let o = -18 + j. Suppose 2*k = o - 3. List the prime factors of k.
2
List the prime factors of (-38)/(-3)*12/8.
19
Suppose 4*k - 1 - 5 = 5*p, 3*p + 4*k - 22 = 0. List the prime factors of 13/p - (-3)/2.
2
Suppose -3*y = 5*s - 14, -3*s - s + 3*y + 22 = 0. Let q be s/3*15/10. Let u = 6 - q. List the prime factors of u.
2
Let o be (2 + 1)*(-6)/(-6). List the prime factors of 5/((-1)/(-3)*o).
5
Let x(o) = -o**3 - 8*o**2 + 7*o - 11. Let f be x(-9). Let s(i) = i - 1. Let j be s(f). Let r = 0 + j. What are the prime factors of r?
2, 3
Suppose 3*j + 1 = 22. Suppose j + 5 = 2*h. What are the prime factors of h?
2, 3
Let j be (1 - -1) + (0 - 2). Suppose -24 = 4*h - j. Let i = h + 8. List the prime factors of i.
2
Suppose 10*f + 5*b = 15*f - 1625, 3*b = -15. List the prime factors of f.
2, 5
Let p be 24/10 + (-4)/10. Suppose -23*b + 19*b = -36. Suppose p*t = -t + b. What are the prime factors of t?
3
Let y be -6*((-16)/(-12))/(-2). Suppose y + 8 = 2*z. What are the prime factors of z?
2, 3
Suppose 4*v = 2*v + 116. Suppose 0 = -l - l + v. What are the prime factors of l?
29
Let r(b) = -b**2 - 5*b + 3. Let s be r(-5). Let w(v) = -v**3 + 5*v**2 - 2*v - 2. List the prime factors of w(s).
2, 5
Let k(l) be the second derivative of l**3/3 + l**2/2 + l. Let x be k(2). Suppose a + x = 17. What are the prime factors of a?
2, 3
Let f(b) = -b**3 - 11*b**2 - 10*b + 13. Let x be f(-10). Let o = -5 + x. List the prime factors of o.
2
Let g(p) = p**2 - p + 5. Let h be g(0). Suppose 3*s + 110 = -n + h*n, n + 4*s = 37. Suppose -2*l + 0*l + v = -n, l - 5*v = 1. List the prime factors of l.
2
Suppose 0*s + 5*s = -55. Let x = s + 21. What are the prime factors of x?
2, 5
Suppose 2*u - w - 42 = 71, 5*u - 272 = -w. What are the prime factors of u?
5, 11
Let k(w) be the second derivative of 5*w**3/6 - w**2/2 + 3*w. What are the prime factors of k(2)?
3
Suppose -c + 44 = -l - 3*l, 3*c - 2 = -l. Let p be 37/(-5) + (-2)/(-5). Let q = p - l. List the prime factors of q.
3
Let i(t) be the first derivative of -t**3/3 + 7*t**2/2 - 4*t + 1. What are the prime factors of i(6)?
2
Suppose 0 = -k + 2*r + 3*r + 5, -5*k - 5*r + 175 = 0. List the prime factors of k.
2, 3, 5
Let c(j) = -j - 2. Let t be c(-5). Let a be (11/t)/((-2)/6). Let f = a - -18. What are the prime factors of f?
7
Suppose 5*k - 93 = 107. What are the prime factors of k?
2, 5
Let s = -1 + 9. Let l(f) = 5 + 2 + 4 + s*f + 0 - f**2. What are the prime factors of l(9)?
2
Suppose -3*z + 43 = -3*u - 2*u, 4*u = -3*z + 25. List the prime factors of z.
11
Let o(m) = 9*m**3 + 8*m**2 + 15*m - 3. Let q(l) = 5*l**3 + 4*l**2 + 8*l - 2. Let w(i) = -4*o(i) + 7*q(i). What are the prime factors of w(-4)?
2, 7
Let u = -114 - -197. What are the prime factors of u?
83
Suppose -3*r + 10 = -3*v - 14, -r + 24 = 3*v. Suppose s - r = -3*s. What are the prime factors of s?
3
List the prime factors of 12*(-87)/(-15) - (-3)/(-5).
3, 23
Suppose -4 = 3*n - 5*s + 8, 2*n = 2*s - 8. Let x(z) = z**3 + 5*z**2 + 4*z + 3. List the prime factors of x(n).
3
Let o = 367 + -210. What are the prime factors of o?
157
Let y(b) = 0*b**2 - b - 11*b**3 + 0 + 0 - 1 - b**2. What are the prime factors of y(-1)?
2, 5
Let m(l) = -l**3 + 6 - 2*l + l + 1. Let w be m(0). Suppose 2*u - 1 = f, -f + 2 = -4*u + w. What are the prime factors of u?
2
Let n(c) = c**3 - c**2 + 10. Let a be n(0). Let p = -14 + a. Let t(j) = -j + 1. What are the prime factors of t(p)?
5
Let s(z) = -z**3 - 3*z**2 + 2*z - 3. Let j be s(-4). Suppose 2*d = 3*m - 5, 4*d = -0*m + 5*m - j. Suppose m*k - 64 = 6. What are the prime factors of k?
2, 7
Suppose 3*h + 6 = 0, -2*a - 5*h + 240 = 3*a. List the prime factors of a.
2, 5
Let i = 5 + 32. What are the prime factors of i?
37
Let d(z) = z**3 - 12*z**2 - z + 17. List the prime factors of d(12).
5
Let d = 60 - 15. Suppose 12 - d = -3*o. What are the prime factors of o?
11
Let w be 3/(-15) + (-933)/(-15). Let q = w - 37. List the prime factors of q.
5
Suppose -n = -4*n. Suppose -5*r = 5*k - 90, 1 + n = -k. List the prime factors of r.
19
Suppose 4*u - 1 = 3*u. List the prime factors of u - (-3)/(-3) - -2.
2
What are the prime factors of -1 + 319/5 - 4/(-20)?
3, 7
Suppose 3*v - 16 = -2*a, 0*v - 32 = -5*v + 2*a. Suppose -5*z - 43 = -2*i, -v = -5*z + i - 50. Let n = z + 12. List the prime factors of n.
3
Let q be 3/6 + 177/6. What are the prime factors of -2 - q/(1 + -2)?
2, 7
Suppose 2*u + 10 = -2*b, 11 = -4*u - 5*b - 14. Suppose -5*v + 73 + 72 = u. List the prime factors of v.
29
Suppose -2*x - 5*f + 109 = 0, f - 209 = -4*x - 0*f. Suppose 2*n + 2*n = 4*a - 16, 5*n + 3*a + x = 0. What are the prime factors of (-6 + 3)/(3/n)?
2
Suppose -4*s + s - 3*d - 3 = 0, -3*s - 9 = 5*d. Let u be ((-6)/3)/s*7. List the prime factors of (-4 + 6)*u/(-1).
2, 7
Let n = 212 + -133. What are the prime factors of n?
79
Suppose -5*p - 2*b = -17, 2*p = 6*b - 2*b + 2. Suppose r + 4*r = -p*x + 5, 4*x = r - 24. List the prime factors of r.
2
Let x be 2/6 + (-30)/9. Let k(n) = n**3 - n**2 + n + 1. Let j(c) = -4*c**3 + c**2 - 6*c. Let p(t) = j(t) + 3*k(t). List the prime factors of p(x).
3, 7
Let v be (1/2)/((-1)/(-8)). Suppose -v + 24 = 5*n. Suppose -2*b + 5 = 3*m - 16, -n*b - 4*m + 40 = 0. List the prime factors of b.
3
Suppose -4*y - 3*i + 32 = 0, -5*y - 4*i + 25 = -15. Suppose -p + y = -6. List the prime factors of p.
2, 7
Suppose 2*z = -3*g + 62, 4*z - 54 = -5*g + 68. List the prime factors of z.
2, 7
Let m = -4 - -4. Suppose d + m = 2. What are the prime factors of d?
2
Suppose 4*p - 128 = -4*o, 5*o = -2*p + p + 176. Suppose 4*s - 24 = o. List the prime factors of s.
3, 5
Suppose 0 = 2*k - 0 - 4. Let h(v) = -v**2 - 8*v + 1. Let t be h(-8). List the prime factors of 18 + k + -1 + t.
2, 5
What are the prime factors of 1/((-75)/39 - -2)?
13
Suppose 3*l - 9 = 3. Suppose 6*g = l*g + 24. What are the prime factors of g?
2, 3
Suppose -3*f = -5*t - 67, 4*f + 5*t = f + 17. List the prime factors of f.
2, 7
Let h(v) be the third derivative of 1/60*v**5 + 0*v + 0 - 1/4*v**4 + 5/6*v**3 - 3*v**2. List the prime factors of h(6).
5
Suppose 2*p - 14 = 9*p. Let f = 7 - -1. List the prime factors of 6/(p - (-22)/f).
2
Let j be (-1 + 2)*(2 + -2). Let b be j + (-4 + 0)*-1. Suppose -9*i = -b*i - 50. What are the prime factors of i?
2, 5
Suppose 0 = 3*u - 4*u + 5. Suppose -u*w + 45 = -h - 3*h, -30 = -5*w + h. List the prime factors of w.
5
Suppose 5*h - 5 - 5 = 0. Suppose -1 + 4 = o, 2*q = -h*o. What are the prime factors of (-2)/q*-1*-3?
2
Suppose 5*t + 5*b - 110 = 0, 4*t + 2*b - 72 = 6*b. What are the prime factors of t?
2, 5
Suppose -2*r = -4*w + 290, 5*w - 2*r - 340 = -4*r. List the prime factors of w.
2, 5, 7
Let h(r) = 28*r**2 + 7*r + 5. What are the prime factors of h(-2)?
103
Let w(x) = -x - 4. Let h be w(-7). List the prime factors of h/5 - 348/(-20).
2, 3
Suppose 0 = -2*y - 5*x - 181, -5*y + x + 4 - 443 = 0. Let r = -43 - y. What are the prime factors of r/20*(-4)/(-1)?
3
Let h(c) = c**2 - 6*c - 3. Let k be h(6). Let d be (6/k - 0)*-2. Suppose -d*i = i - 35. What are the prime factors of i?
7
Let s = 276 + -127. Let l = 17 - s. What are the prime factors of l/(-21) - 2/7?
2, 3
Let b be (-3)/(-2)*(1 + -31). Let k be b/(-12) - 1/(-4). Suppose 0 = k*d - 9 - 7. What are the prime factors of d?
2
Let s(f) = f**3 + 8*f**2 - f - 8. List the prime factors of s(-6).
2, 5, 7
Suppose -6 + 2 = -2*s. Suppose -s*i + 25 = 3*i. List the prime factors of i.
5
What are the prime factors of 444/(-18)*(-1 + -2)?
2, 37
Let y = -93 - -183. List the prime factors of y.
2, 3, 5
Let a = 82 + -61. List the prime factors of a.
3, 7
Let p = 38 - 16. What are the prime factors of p?
2, 11
Let a(w) be the second derivative of -w**5/20 + 5*w**4/12 + w**3/2 - 3*w**2 - 10*w. List the prime factors of a(4).
2, 11
Let i = 53 - 23. Suppose -5*u + 50 = 3*x, -2*u + 5*x - i = -5*u. What are the prime factors of 4/u + 387/45?
3
Suppose 620 = -32*k + 36*k. List the prime factors of k.
5, 31
Let x(l) = -l**3 - 7*l**2 - 7*l - 6. Let m be x(-6). Suppose 0*c + 2*c + 6 = m. Le